 digit of 45537?
4
What is the ten thousands digit of 1097984?
9
What is the thousands digit of 344088?
4
What is the units digit of 7976540?
0
What is the ten thousands digit of 6664802?
6
What is the thousands digit of 4596774?
6
What is the ten millions digit of 22449119?
2
What is the ten thousands digit of 8001786?
0
What is the ten thousands digit of 5930026?
3
What is the thousands digit of 633247?
3
What is the ten millions digit of 23393783?
2
What is the hundreds digit of 1070620?
6
What is the hundred thousands digit of 1806491?
8
What is the millions digit of 3391180?
3
What is the hundreds digit of 21835981?
9
What is the thousands digit of 7575173?
5
What is the thousands digit of 283274?
3
What is the thousands digit of 6168778?
8
What is the ten thousands digit of 7808691?
0
What is the ten thousands digit of 17537?
1
What is the units digit of 6513188?
8
What is the hundreds digit of 1089012?
0
What is the hundreds digit of 3945551?
5
What is the hundred thousands digit of 7111709?
1
What is the units digit of 55704?
4
What is the units digit of 229857?
7
What is the units digit of 502824?
4
What is the units digit of 454340?
0
What is the tens digit of 690767?
6
What is the hundreds digit of 22506604?
6
What is the hundreds digit of 664596?
5
What is the hundreds digit of 134022?
0
What is the units digit of 56610?
0
What is the hundreds digit of 269241?
2
What is the tens digit of 113975?
7
What is the ten thousands digit of 332427?
3
What is the tens digit of 112892?
9
What is the thousands digit of 1014016?
4
What is the units digit of 2683520?
0
What is the hundred thousands digit of 216882?
2
What is the tens digit of 75254?
5
What is the thousands digit of 566688?
6
What is the millions digit of 17923420?
7
What is the tens digit of 504614?
1
What is the tens digit of 1848743?
4
What is the hundred thousands digit of 1643616?
6
What is the hundreds digit of 27582?
5
What is the thousands digit of 99389?
9
What is the hundreds digit of 1085396?
3
What is the tens digit of 983818?
1
What is the hundred thousands digit of 934557?
9
What is the thousands digit of 30730?
0
What is the hundred thousands digit of 2102187?
1
What is the ten thousands digit of 86486?
8
What is the tens digit of 1595654?
5
What is the hundred thousands digit of 149132?
1
What is the hundred thousands digit of 840607?
8
What is the hundreds digit of 20523308?
3
What is the thousands digit of 3653876?
3
What is the units digit of 334757?
7
What is the tens digit of 7841146?
4
What is the tens digit of 3028233?
3
What is the tens digit of 154935?
3
What is the millions digit of 34599592?
4
What is the hundreds digit of 1238593?
5
What is the hundreds digit of 3719089?
0
What is the units digit of 63988?
8
What is the hundreds digit of 9498?
4
What is the tens digit of 5670940?
4
What is the units digit of 9275433?
3
What is the millions digit of 4797980?
4
What is the hundreds digit of 4969220?
2
What is the tens digit of 8004091?
9
What is the hundred thousands digit of 1492767?
4
What is the ten thousands digit of 1570007?
7
What is the hundred thousands digit of 205601?
2
What is the thousands digit of 4997036?
7
What is the units digit of 550506?
6
What is the thousands digit of 17634?
7
What is the ten thousands digit of 134485?
3
What is the ten thousands digit of 6662307?
6
What is the units digit of 61430?
0
What is the millions digit of 2074145?
2
What is the tens digit of 266117?
1
What is the ten millions digit of 23073877?
2
What is the units digit of 763499?
9
What is the thousands digit of 6900323?
0
What is the units digit of 642591?
1
What is the hundred thousands digit of 7030037?
0
What is the thousands digit of 532259?
2
What is the hundreds digit of 361547?
5
What is the millions digit of 4327163?
4
What is the hundred thousands digit of 3287091?
2
What is the ten thousands digit of 166936?
6
What is the ten thousands digit of 43862?
4
What is the hundred thousands digit of 556863?
5
What is the tens digit of 1027?
2
What is the units digit of 262550?
0
What is the hundred thousands digit of 339183?
3
What is the tens digit of 94286?
8
What is the thousands digit of 2334361?
4
What is the hundreds digit of 172957?
9
What is the tens digit of 160357?
5
What is the hundred thousands digit of 5100397?
1
What is the ten thousands digit of 31686?
3
What is the tens digit of 768153?
5
What is the units digit of 3091446?
6
What is the thousands digit of 1101843?
1
What is the units digit of 299591?
1
What is the tens digit of 540348?
4
What is the hundred thousands digit of 980660?
9
What is the units digit of 5931668?
8
What is the hundred thousands digit of 5318908?
3
What is the thousands digit of 934138?
4
What is the hundreds digit of 5617447?
4
What is the tens digit of 1269?
6
What is the units digit of 348738?
8
What is the units digit of 392001?
1
What is the hundreds digit of 515539?
5
What is the hundred thousands digit of 879399?
8
What is the tens digit of 957083?
8
What is the tens digit of 1721215?
1
What is the units digit of 74183?
3
What is the hundreds digit of 6804644?
6
What is the units digit of 290594?
4
What is the ten thousands digit of 132351?
3
What is the hundreds digit of 4331043?
0
What is the thousands digit of 15863?
5
What is the thousands digit of 510938?
0
What is the units digit of 99435?
5
What is the units digit of 28325426?
6
What is the tens digit of 21702?
0
What is the hundreds digit of 1426567?
5
What is the hundreds digit of 349808?
8
What is the hundreds digit of 4012790?
7
What is the ten thousands digit of 741296?
4
What is the hundred thousands digit of 457632?
4
What is the hundred thousands digit of 448531?
4
What is the thousands digit of 1494837?
4
What is the hundred thousands digit of 107842?
1
What is the tens digit of 33108047?
4
What is the tens digit of 587051?
5
What is the millions digit of 8935209?
8
What is the ten thousands digit of 174522?
7
What is the hundreds digit of 168624?
6
What is the thousands digit of 7750241?
0
What is the hundred thousands digit of 18373268?
3
What is the hundreds digit of 6133?
1
What is the thousands digit of 108001?
8
What is the units digit of 1236310?
0
What is the thousands digit of 147294?
7
What is the millions digit of 5164002?
5
What is the hundreds digit of 279550?
5
What is the millions digit of 15968061?
5
What is the hundreds digit of 183347?
3
What is the ten thousands digit of 661228?
6
What is the ten thousands digit of 7793687?
9
What is the thousands digit of 87148?
7
What is the hundreds digit of 1633794?
7
What is the ten thousands digit of 2629345?
2
What is the units digit of 1093096?
6
What is the units digit of 874323?
3
What is the thousands digit of 220511?
0
What is the tens digit of 7096868?
6
What is the units digit of 28079207?
7
What is the millions digit of 4435697?
4
What is the tens digit of 7202210?
1
What is the units digit of 98037?
7
What is the units digit of 2203671?
1
What is the thousands digit of 6465840?
5
What is the hundred thousands digit of 219701?
2
What is the tens digit of 842664?
6
What is the ten thousands digit of 4081433?
8
What is the tens digit of 5616873?
7
What is the ten millions digit of 18907482?
1
What is the tens digit of 352033?
3
What is the ten thousands digit of 4526083?
2
What is the thousands digit of 443611?
3
What is the units digit of 533876?
6
What is the thousands digit of 2374447?
4
What is the hundreds digit of 1046178?
1
What is the thousands digit of 864742?
4
What is the units digit of 5927243?
3
What is the units digit of 78777?
7
What is the tens digit of 4459635?
3
What is the hundred thousands digit of 1066857?
0
What is the ten thousands digit of 2103197?
0
What is the ten thousands digit of 11016839?
1
What is the tens digit of 55534?
3
What is the thousands digit of 17982364?
2
What is the tens digit of 165769?
6
What is the ten thousands digit of 918513?
1
What is the thousands digit of 10220100?
0
What is the tens digit of 44993?
9
What is the millions digit of 2837623?
2
What is the thousands digit of 4400586?
0
What is the units digit of 6247902?
2
What is the millions digit of 2577941?
2
What is the hundreds digit of 7576991?
9
What is the hundreds 